 remainder when 26 is divided by (-7)/((d - 4)/(-10)).
12
Let t = -580 + 620. What is the remainder when 95 is divided by t?
15
Suppose 12*h - 16*h + 264 = 0. Calculate the remainder when h is divided by 28.
10
Calculate the remainder when 350 is divided by ((-150)/(-1))/2 - (12 - 8).
66
Let k(w) = -5*w - 7. Let r(q) = q. Let v(l) = -k(l) - 6*r(l). Let u be v(0). Calculate the remainder when (-70)/(-3) + u/(-21) is divided by 8.
7
Let h be (136/(-85))/((-4)/210*3). Suppose -h = -36*i + 32*i. What is the remainder when 19 is divided by i?
5
Let f(w) = w + 8 - 3*w + 3*w - 1. Calculate the remainder when 18 is divided by f(-4).
0
What is the remainder when (-6)/39 + (-9)/(-78)*946 is divided by 14?
11
Let q = -5 - -9. Let f be 2/(-6) - (-26)/6. Suppose -5*i = 4*d - 38, f*i - 25 = -2*d - 3. What is the remainder when d is divided by q?
3
Let x(l) = l**3 + 11*l**2 + l + 11. Let a be x(-11). Let j(u) = -8*u + 83 - 2*u**2 - 99 + a*u + 3*u**2. Calculate the remainder when 32 is divided by j(11).
15
Suppose -14 - 22 = 2*a. Let z = 57 - 4. What is the remainder when z is divided by (-3)/a - (-83)/6?
11
Suppose c + 14*c - 240 = 0. What is the remainder when 141 is divided by c?
13
Suppose -19*n + 4*s + 306 = -17*n, -s = -5. What is the remainder when 459 is divided by n?
133
Suppose -4*w + 16 + 4 = 0. Suppose w*f - f = -3*u + 69, 0 = 3*f + 5*u - 38. What is the remainder when 82 is divided by f?
19
Suppose -120 = -3*t + 3*d, -5*t - 3*d = -t - 181. Suppose 802 + 268 = 5*h. What is the remainder when h is divided by t?
42
Suppose -4*f + 2*f - w = -23, 4*f = w + 31. Let u = -5182 + 5197. Calculate the remainder when u is divided by f.
6
Suppose w - 15*w + 5*w = 0. Suppose -8*q + 227 - 91 = w. Calculate the remainder when q is divided by 9.
8
Suppose 5*f + 1128 = 3*h, -2*h - 2*f = 2*f - 730. What is the remainder when h is divided by 22?
19
Let t(y) = -7*y - 5. Let j be t(-6). Let z = j - 30. What is the remainder when 13 is divided by z?
6
Suppose 11*m = 25 + 140. Calculate the remainder when m is divided by 8.
7
Let j be (-18)/12*-1*26. Let n = 47 - j. What is the remainder when 14 is divided by n?
6
Let o be 1 + 276/(-8)*-2. Suppose 4*h - i - o = 0, 2*h + i - 32 = -0. Suppose 5*b - 17 - 13 = 0. Calculate the remainder when h is divided by b.
5
Let r(t) = 2 - 4*t**2 - 2*t - 2*t + 4*t**2 + 2*t**2. Let v be r(2). Suppose -3*m = m - 12, v*o + 3*m = 15. Calculate the remainder when 11 is divided by o.
2
Let m = -41 - 3. Let a be m/(-12) - (-6)/(-9). Suppose a*p + 42 = 4*s, 0*p - p = -s + 10. Calculate the remainder when 33 is divided by s.
9
Suppose 160 = 3*k + 124. Let m = -20 - -27. Calculate the remainder when k is divided by m.
5
Calculate the remainder when (1188/18)/(0 + 2/19) is divided by 14.
11
Suppose -41*q = -371 + 43. What is the remainder when q is divided by ((-14 + 2)/(-3))/2?
0
Suppose 0 = 44*j - 570 - 1278. Calculate the remainder when 107 is divided by j.
23
Suppose -4*h - 13 = -5*n - 1, 5*h = 3*n - 2. Suppose h*b - 10*b + 88 = 0. What is the remainder when 29 is divided by b?
7
Let l(r) = 7*r + 18. Let p be l(6). Calculate the remainder when 61 is divided by ((-4)/5)/((-3)/p).
13
Suppose -5*f + 507 = -2*n, -8*n = -2*f - 3*n + 207. What is the remainder when f is divided by 13?
10
Suppose -18*g + 332 = -172. Calculate the remainder when 107 is divided by g.
23
Suppose 4*j - j - 24 = 0. Let i be (-18)/(-8)*j/(-3). What is the remainder when 34 is divided by i/(-6)*(-18)/(-1)?
16
Let z be (8/(-14))/((-7)/49). Suppose 4*j + h = -z*h + 41, 3*j - 4*h = 54. What is the remainder when j is divided by 6?
2
Let p(m) = -m**2 + m. Let u(l) = 34*l**2 + 7*l + 1. Let t(r) = -3*p(r) + u(r). Calculate the remainder when t(-1) is divided by 4.
2
Let r = 531 - 522. Calculate the remainder when 42 is divided by r.
6
Suppose 5*i + 5 = 2*g, -4*g + 20 = -2*i + 2. Let c(p) = -5*p + 20 + 2*p + 9*p - 32. What is the remainder when 33 is divided by c(g)?
15
Suppose -12*x = -11*x - 62. Let j = -230 - -252. What is the remainder when x is divided by j?
18
Suppose 4*d - 8 = -0. Suppose d*k + k - 15 = 0. Suppose 2*r = -4*v + 5 - 1, 0 = -4*r - k*v + 11. What is the remainder when 13 is divided by r?
1
Calculate the remainder when (3360/100)/((-9)/(-30)) is divided by 16.
0
Suppose 0 = 38*x + 25 - 101. Calculate the remainder when 76 is divided by x.
0
Let z(d) = -d**2 + 8*d + 42. Calculate the remainder when 76 is divided by z(10).
10
Let j be (-520)/6 + 2/3. Let s = -336 - -191. Let p = j - s. Calculate the remainder when p is divided by 12.
11
Suppose -79 + 199 = 4*q. Calculate the remainder when 508 is divided by q.
28
Suppose 64*t - 2*p + 431 = 69*t, t - 95 = 4*p. Calculate the remainder when 428 is divided by t.
80
Calculate the remainder when (-14196)/(-40) - 1*(-8)/80 is divided by 121.
113
Suppose -14*l + 9*l - 1582 = -2*a, -2*a + 1610 = 2*l. What is the remainder when a is divided by 134?
131
Suppose 0 = -3*f - 2*v + 40, -2*f - 4*v + 0 = -16. Suppose 0 = f*j - 15*j - 102. What is the remainder when j is divided by 26?
24
Suppose 44 = -f + 57. Calculate the remainder when 31 is divided by f.
5
Suppose 2*i = 43 - 27. Suppose 2*d - d + i = 0. Let m = 12 + d. What is the remainder when 6 is divided by m?
2
Let k = -63 + 67. Suppose -k*w = -2 - 78. Calculate the remainder when w is divided by 9.
2
Let p(m) = -7*m**3 + 11*m + 2*m**2 - 13*m + 9*m**3 - 3. What is the remainder when p(3) is divided by 22?
19
Suppose 18*f - 385 = 13*f. Let t(r) = -2*r**2 + 2*r + r**3 - 8 + 9*r**2 + 4. Calculate the remainder when f is divided by t(-6).
17
Let y(j) = -4*j - 15. Let g(n) = -1. Let v(s) = -2*g(s) + y(s). What is the remainder when 68 is divided by v(-12)?
33
Let t = 10 + -18. Let z = 30 + t. What is the remainder when 40 is divided by z?
18
Let w = -965 - -1101. What is the remainder when w is divided by 11?
4
Let g(n) = -2*n**3 - 2*n - 3. Suppose 32 = -32*o + 33*o + z, z + 58 = 2*o. What is the remainder when o is divided by g(-2)?
13
Let k = 10 - 4. Let b(c) = -2*c + 39. Let a be b(18). Suppose 0 = 3*o + 5*f - 38, a*o - o - 5*f = 17. What is the remainder when o is divided by k?
5
Let a = -74 + 116. Let l(f) = 87*f - 1. Let y be l(2). Let h = y + -151. What is the remainder when a is divided by h?
20
Suppose -1348 = -35*s - 123. Calculate the remainder when 2133 is divided by s.
33
Let y be 6/4*(-26)/(-3). Calculate the remainder when 65 is divided by 440/y - 12/(-78).
31
Let z = -1638 + 1852. What is the remainder when z is divided by 85?
44
Suppose -4*g - 249 = -7*g. Let d = g - -86. What is the remainder when d is divided by 17?
16
Suppose -16*d = -8*d - 280. Calculate the remainder when d is divided by 8.
3
Suppose 3*k + 3*f - 8 - 10 = 0, -k + 3*f = 2. Let q(y) = -13 + 5 - y + k*y + 5. Calculate the remainder when q(4) is divided by 3.
0
Suppose 0 = -3*b - 3*n + 18, -n + 10 + 0 = 3*b. Let l(r) = -r**3 + 5*r**2 - 4*r + 2. What is the remainder when (-102)/(-9)*3/b - 3 is divided by l(3)?
6
Suppose -4*z + 52 + 28 = 0. What is the remainder when z is divided by 2 - (0 - -1 - 12)?
7
Let c = 382 + -243. What is the remainder when c is divided by (406/1827)/((-4)/(-846))?
45
Suppose -14*y + 240 = 2*y. What is the remainder when 88 is divided by y?
13
Suppose -2*q + 2*f + 10 + 48 = 0, 3*q - 94 = -4*f. What is the remainder when 162 is divided by q?
12
Let f = 2346 - 1999. Calculate the remainder when f is divided by 36.
23
Suppose 4*m + 96 = -0*m. Calculate the remainder when (23 + 1)*(-60)/m is divided by 21.
18
Suppose -30*m - 70*m + 5800 = 0. What is the remainder when 97 is divided by m?
39
Suppose -r = 4*b, 0*b + 5*b - 6 = -2*r. Suppose 76 = -r*o + 252. What is the remainder when 85 is divided by o?
19
Let l(q) = -7*q + 374. Calculate the remainder when 32 is divided by l(52).
2
Let j(w) = 9*w + 14. Let r(d) = -19*d - 29. Let t(o) = -13*j(o) - 6*r(o). Let z = -44 - -41. What is the remainder when 2 is divided by t(z)?
0
Suppose -3*f + 39 = 5*i, 0 = 2*i - 5*i + 9. Suppose 5*u = 68 + 247. Let r = -32 + u. Calculate the remainder when r is divided by f.
7
Let s(a) = -a**3 + 24*a**2 + 8*a - 160. Calculate the remainder when 115 is divided by s(24).
19
Let z(s) = 15*s + 110. What is the remainder when z(7) is divided by 9?
8
Suppose -8*k + 147 = 2*b - 9*k, 0 = b + 2*k - 66